{"id":214,"date":"2020-06-04T14:00:34","date_gmt":"2020-06-04T12:00:34","guid":{"rendered":"http:\/\/www.rainbow-tours.ch\/20\/?page_id=214"},"modified":"2025-02-12T18:47:31","modified_gmt":"2025-02-12T17:47:31","slug":"oberammergau-passionsspiele-2022","status":"publish","type":"page","link":"http:\/\/www.rainbow-tours.ch\/20\/oberammergau-passionsspiele-2022\/","title":{"rendered":"Oberammergauer Passionsspiele 2030"},"content":{"rendered":"<h5>43. Oberammergauer Passionsspiele 2030<\/h5>\n<figure id=\"attachment_215\" aria-describedby=\"caption-attachment-215\" style=\"width: 300px\" class=\"wp-caption alignright\"><a href=\"http:\/\/www.rainbow-tours.ch\/20\/wp-content\/uploads\/2016\/08\/passionstheater_bei_nacht.jpg\"><img loading=\"lazy\" decoding=\"async\" class=\"wp-image-215 \" src=\"http:\/\/www.rainbow-tours.ch\/20\/wp-content\/uploads\/2016\/08\/passionstheater_bei_nacht-300x200.jpg\" alt=\"\" width=\"300\" height=\"200\" srcset=\"http:\/\/www.rainbow-tours.ch\/20\/wp-content\/uploads\/2016\/08\/passionstheater_bei_nacht-300x200.jpg 300w, http:\/\/www.rainbow-tours.ch\/20\/wp-content\/uploads\/2016\/08\/passionstheater_bei_nacht.jpg 600w\" sizes=\"(max-width: 300px) 85vw, 300px\" \/><\/a><figcaption id=\"caption-attachment-215\" class=\"wp-caption-text\">\u00a9 Oberammergau Passion Play<\/figcaption><\/figure>\n<p>Die Premiere der\u00a0 42. Passionsspiele findet am 14 Mai 2022 statt. Die Tradition das Leben, Leiden, Sterben und die Wiederauferstehung Christi in darzustellen findet seit 380 beinahe ohne Unterbr\u00fcche alle 10 Jahre statt. Das Dorf am Rande der Bayrischen Alpen erwartet ungef\u00e4hr 450,000 G\u00e4ste zu den Passionsspielen, \u00fcber die H\u00e4lfte reisen aus der ganzen Welt an.<\/p>\n<figure id=\"attachment_216\" aria-describedby=\"caption-attachment-216\" style=\"width: 300px\" class=\"wp-caption alignleft\"><a href=\"http:\/\/www.rainbow-tours.ch\/20\/wp-content\/uploads\/2016\/08\/jesus_betritt_jerusalem.jpg\"><img loading=\"lazy\" decoding=\"async\" class=\"wp-image-216\" src=\"http:\/\/www.rainbow-tours.ch\/20\/wp-content\/uploads\/2016\/08\/jesus_betritt_jerusalem-300x162.jpg\" alt=\"\" width=\"300\" height=\"162\" srcset=\"http:\/\/www.rainbow-tours.ch\/20\/wp-content\/uploads\/2016\/08\/jesus_betritt_jerusalem-300x162.jpg 300w, http:\/\/www.rainbow-tours.ch\/20\/wp-content\/uploads\/2016\/08\/jesus_betritt_jerusalem.jpg 600w\" sizes=\"(max-width: 300px) 85vw, 300px\" \/><\/a><figcaption id=\"caption-attachment-216\" class=\"wp-caption-text\">\u00a9 Oberammergau Passion Play<\/figcaption><\/figure>\n<p>Rainbow Tours Enterprises Ltd. ist offiziell akkredierter Partner und Ticket Agent der Oberammergauer Passionsspiele\u00a0 2030. Gerne planen wir f\u00fcr Ihre Reisegruppe ein massgeschneidertes Reiseprogram mit \u00dcbernachtung in der Umgebung von Oberammergau mit garantiertem Eintritt zu den Passionsspielen. <a href=\"http:\/\/www.rainbow-tours.ch\/20\/oberammergau-passion-play-history\/\">read more &#8230;<\/a><\/p>\n","protected":false},"excerpt":{"rendered":"<p>43. Oberammergauer Passionsspiele 2030 Die Premiere der\u00a0 42. Passionsspiele findet am 14 Mai 2022 statt. Die Tradition das Leben, Leiden, Sterben und die Wiederauferstehung Christi in darzustellen findet seit 380 beinahe ohne Unterbr\u00fcche alle 10 Jahre statt. Das Dorf am Rande der Bayrischen Alpen erwartet ungef\u00e4hr 450,000 G\u00e4ste zu den Passionsspielen, \u00fcber die H\u00e4lfte reisen &hellip; <a href=\"http:\/\/www.rainbow-tours.ch\/20\/oberammergau-passionsspiele-2022\/\" class=\"more-link\">Continue reading<span class=\"screen-reader-text\"> &#8220;Oberammergauer Passionsspiele 2030&#8221;<\/span><\/a><\/p>\n","protected":false},"author":1,"featured_media":0,"parent":0,"menu_order":0,"comment_status":"closed","ping_status":"closed","template":"","meta":{"footnotes":""},"_links":{"self":[{"href":"http:\/\/www.rainbow-tours.ch\/20\/wp-json\/wp\/v2\/pages\/214"}],"collection":[{"href":"http:\/\/www.rainbow-tours.ch\/20\/wp-json\/wp\/v2\/pages"}],"about":[{"href":"http:\/\/www.rainbow-tours.ch\/20\/wp-json\/wp\/v2\/types\/page"}],"author":[{"embeddable":true,"href":"http:\/\/www.rainbow-tours.ch\/20\/wp-json\/wp\/v2\/users\/1"}],"replies":[{"embeddable":true,"href":"http:\/\/www.rainbow-tours.ch\/20\/wp-json\/wp\/v2\/comments?post=214"}],"version-history":[{"count":9,"href":"http:\/\/www.rainbow-tours.ch\/20\/wp-json\/wp\/v2\/pages\/214\/revisions"}],"predecessor-version":[{"id":369,"href":"http:\/\/www.rainbow-tours.ch\/20\/wp-json\/wp\/v2\/pages\/214\/revisions\/369"}],"wp:attachment":[{"href":"http:\/\/www.rainbow-tours.ch\/20\/wp-json\/wp\/v2\/media?parent=214"}],"curies":[{"name":"wp","href":"https:\/\/api.w.org\/{rel}","templated":true}]}}